me factors of 6902673482.
2, 11311, 305131
List the prime factors of 97058977.
113, 907, 947
What are the prime factors of 458649695?
5, 7, 13104277
List the prime factors of 1843074614.
2, 2029, 454183
List the prime factors of 69389455.
5, 53, 261847
What are the prime factors of 42298296?
2, 3, 1762429
What are the prime factors of 1297145508?
2, 3, 223, 484733
List the prime factors of 5620055724.
2, 3, 17345851
List the prime factors of 72912407.
173, 421459
What are the prime factors of 5086626531?
3, 7, 59, 83, 49463
What are the prime factors of 4289426?
2, 2144713
What are the prime factors of 7240771?
1303, 5557
List the prime factors of 81899100.
2, 3, 5, 10111
What are the prime factors of 117936276?
2, 3, 17, 31, 1097
What are the prime factors of 4495965060?
2, 3, 5, 19, 3943829
List the prime factors of 2720225806.
2, 223, 6099161
List the prime factors of 1342546962.
2, 3, 223757827
List the prime factors of 503314949.
503314949
List the prime factors of 157414480.
2, 5, 83, 151, 157
List the prime factors of 846972459.
3, 3461, 27191
List the prime factors of 114247687.
149, 766763
List the prime factors of 197245250.
2, 5, 31, 821
List the prime factors of 2696222742.
2, 3, 29, 199, 77867
List the prime factors of 3085441249.
11, 71, 3950629
What are the prime factors of 235172947?
83, 2833409
What are the prime factors of 964678035?
3, 5, 64311869
What are the prime factors of 1154061465?
3, 5, 83, 926957
List the prime factors of 3238580346.
2, 3, 43, 12552637
What are the prime factors of 238379327?
238379327
List the prime factors of 19167059.
79, 242621
What are the prime factors of 2074544688?
2, 3, 2207, 19583
What are the prime factors of 961429271?
11, 17, 2017, 2549
What are the prime factors of 41204377?
41204377
What are the prime factors of 2386893084?
2, 3, 83, 107, 22397
What are the prime factors of 567341244?
2, 3, 15759479
List the prime factors of 104060020.
2, 5, 5203001
What are the prime factors of 235150294?
2, 53, 79, 28081
What are the prime factors of 3208810?
2, 5, 11, 31, 941
What are the prime factors of 2469758?
2, 41, 30119
List the prime factors of 2026441615.
5, 11, 36844393
What are the prime factors of 1369835524?
2, 5077, 67453
List the prime factors of 1722009642.
2, 3, 431, 665897
What are the prime factors of 59297889?
3, 7, 403387
List the prime factors of 3430751709.
3, 7, 11, 307, 6911
List the prime factors of 59548291.
11, 5413481
List the prime factors of 9910478.
2, 173, 28643
What are the prime factors of 2082364580?
2, 5, 41, 2539469
What are the prime factors of 100741770?
2, 3, 5, 89, 12577
List the prime factors of 560074365.
3, 5, 31, 37, 3617
What are the prime factors of 544443873?
3, 181481291
List the prime factors of 22864943.
1657, 13799
What are the prime factors of 474357547?
163, 2910169
What are the prime factors of 69243934?
2, 59, 586813
What are the prime factors of 164259?
3, 18251
List the prime factors of 117485738.
2, 3463, 16963
What are the prime factors of 1041384868?
2, 15791, 16487
List the prime factors of 1099216770.
2, 3, 5, 17, 2155327
List the prime factors of 631957685.
5, 126391537
List the prime factors of 3161779837.
3161779837
List the prime factors of 74523740.
2, 5, 3726187
List the prime factors of 64456345.
5, 67, 192407
What are the prime factors of 27384392?
2, 7, 41, 11927
What are the prime factors of 90109897?
43, 229, 9151
List the prime factors of 1348814454.
2, 3, 13, 43, 149, 2699
List the prime factors of 664485726.
2, 3, 2269, 48809
List the prime factors of 94243374.
2, 3, 23, 233, 977
What are the prime factors of 57346405?
5, 61, 188021
What are the prime factors of 162878974?
2, 743, 109609
What are the prime factors of 573186066?
2, 3, 95531011
List the prime factors of 1229909141.
1229909141
List the prime factors of 155165236.
2, 47, 825347
What are the prime factors of 93297525?
3, 5, 1243967
List the prime factors of 215868677.
215868677
List the prime factors of 179578799.
179578799
What are the prime factors of 1548495954?
2, 3, 37, 41, 6301
What are the prime factors of 135642437?
7, 395459
What are the prime factors of 997312915?
5, 257, 776119
What are the prime factors of 687902440?
2, 5, 17197561
List the prime factors of 307328755.
5, 61465751
List the prime factors of 339137609.
41, 137, 173, 349
What are the prime factors of 177329764?
2, 43, 1030987
What are the prime factors of 228619341?
3, 2822461
List the prime factors of 542408081.
67, 1163, 6961
What are the prime factors of 32108993?
7, 19, 241421
What are the prime factors of 178618472?
2, 1019, 21911
What are the prime factors of 408454729?
31, 37, 53, 6719
List the prime factors of 1095297.
3, 7, 7451
List the prime factors of 6087667408.
2, 31, 12273523
What are the prime factors of 365687320?
2, 5, 1831, 4993
What are the prime factors of 66292704?
2, 3, 383, 601
What are the prime factors of 132877691?
132877691
What are the prime factors of 551770871?
173, 3189427
List the prime factors of 20497223.
17, 37, 32587
What are the prime factors of 38894872?
2, 4861859
List the prime factors of 308360481.
3, 11, 13, 19, 37831
What are the prime factors of 295027222?
2, 7, 139, 151607
What are the prime factors of 73574538?
2, 3, 17, 721319
What are the prime factors of 43736457?
3, 14578819
What are the prime factors of 136348000?
2, 5, 89, 383
List the prime factors of 1293503652.
2, 3, 7, 659, 7789
What are the prime factors of 35079789?
3, 17, 687839
What are the prime factors of 274847067?
3, 11, 41, 22571
What are the prime factors of 621071025?
3, 5, 271, 30557
What are the prime factors of 49627860?
2, 3, 5, 827131
What are the prime factors of 22076035?
5, 4415207
List the prime factors of 930038761.
73, 12740257
List the prime factors of 32293778.
2, 11, 17, 79, 1093
What are the prime factors of 690067051?
690067051
List the prime factors of 4706366768.
2, 17, 17302819
List the prime factors of 14833841.
11, 31, 41, 1061
What are the prime factors of 1474661?
83, 109, 163
What are the prime factors of 126862632?
2, 3, 13, 45179
What are the prime factors of 69289318?
2, 7, 1237, 4001
List the prime factors of 3374734.
2, 11, 211, 727
List the prime factors of 156419200.
2, 5, 7, 6983
What are the prime factors of 421840475?
5, 7, 2410517
What are the prime factors of 148741920?
2, 3, 5, 23, 499
List the prime factors of 254557054.
2, 23, 5533849
List the prime factors of 220675199.
47, 53, 88589
List the prime factors of 236716901.
12781, 18521
What are the prime factors of 274430438?
2, 2549, 53831
List the prime factors of 109586654.
2, 71, 373, 2069
List the prime factors of 1724320799.
89, 19374391
List the prime factors of 492951061.
492951061
List the prime factors of 466001469.
3, 1601, 32341
What are the prime factors of 23414561?
4241, 5521
List the prime factors of 173238224.
2, 10827389
What are the prime factors of 108834622?
2, 13, 19, 29, 71, 107
List the prime factors of 139470152.
2, 3517, 4957
List the prime factors of 3288267393.
3, 53, 20680927
What are the prime factors of 688889639?
601, 877, 1307
List the prime factors of 102758493.
3, 419, 81749
What are the prime factors of 1925354544?
2, 3, 29, 127, 10891
List the prime factors of 19537164.
2, 3, 397, 1367
List the prime factors of 3181067400.
2, 3, 5, 7, 19, 39863
List the prime factors of 117685188.
2, 3, 557, 5869
What are the prime factors of 46889130?
2, 3, 5, 1562971
List the prime factors of 1277608785.
3, 5, 85173919
List the prime factors of 4432949770.
2, 5, 2857, 155161
List the prime factors of 15589645.
5, 1613, 1933
List the prime factors of 128312997.
3, 42770999
What are the prime factors of 2611118941?
2611118941
What are the prime factors of 124722041?
41, 67, 45403
List the prime factors of 6161749744.
2, 227, 1696517
List the prime factors of 526391797.
12821, 41057
What are the prime factors of 1479291109?
53, 1787, 15619
List the prime factors of 139561363.
71, 557, 3529
List the prime factors of 3793366952.
2, 474170869
What are the prime factors of 1847805660?
2, 3, 5, 59, 173993
What are the prime factors of 30826779?
3, 10275593
List the prime factors of 72740201.
72740201
What are the prime factors of 523723398?
2, 3, 11, 7935203
What 